ue
Is 4072651 composite?
True
Is 412927859 prime?
True
Is 695861 composite?
True
Is 2007907 prime?
False
Is 247553663 prime?
False
Is 127787 a composite number?
True
Is 1334422 composite?
True
Is 10876729 a prime number?
True
Is 586163 composite?
True
Is 1283491 a prime number?
False
Is 1002563 composite?
True
Is 12869651 a prime number?
True
Is 143449 prime?
False
Is 3319007 a prime number?
False
Is 3318551 composite?
True
Is 30562529 prime?
True
Is 726217 prime?
False
Is 10099919 a composite number?
False
Is 135262237 a composite number?
True
Is 77502193 composite?
False
Is 9120421 prime?
True
Is 42208697 a composite number?
False
Is 9449347 a prime number?
True
Is 356809 a prime number?
False
Is 9125573 a prime number?
True
Is 26152501 a composite number?
False
Is 2575613 a composite number?
True
Is 22302353 a composite number?
False
Is 329347 prime?
True
Is 178281035 composite?
True
Is 3591179 a prime number?
False
Is 42314471 a prime number?
True
Is 20168701 prime?
False
Is 80459857 a prime number?
True
Is 21913939 a composite number?
True
Is 19537915 prime?
False
Is 7921723 composite?
False
Is 21932077 prime?
True
Is 1012861 prime?
True
Is 38584019 a composite number?
False
Is 25328153 composite?
True
Is 194310319 composite?
True
Is 4630051 a prime number?
True
Is 18885287 composite?
False
Is 72707213 composite?
False
Is 493117 a prime number?
False
Is 91495361 a composite number?
True
Is 3501739 a composite number?
False
Is 2125987 a composite number?
False
Is 231779 a composite number?
False
Is 546001 composite?
False
Is 438269891 a composite number?
True
Is 10155043 composite?
False
Is 904369 composite?
False
Is 9789823 composite?
False
Is 41701103 a composite number?
True
Is 2062751 prime?
False
Is 16609282 prime?
False
Is 156272801 a composite number?
False
Is 217774769 a prime number?
True
Is 474073141 composite?
False
Is 33102001 a prime number?
False
Is 270473557 composite?
False
Is 4174259 prime?
True
Is 114035641 prime?
True
Is 95583247 composite?
True
Is 1610183 composite?
False
Is 8841017 prime?
True
Is 75053 composite?
True
Is 5069569 composite?
True
Is 8060867 a composite number?
False
Is 47642467 a prime number?
False
Is 11031347 a composite number?
True
Is 5323543 prime?
False
Is 5953399 a composite number?
False
Is 6906829 composite?
True
Is 5217359 a prime number?
False
Is 75355547 composite?
True
Is 5076323 a prime number?
False
Is 2739419 a composite number?
False
Is 468697579 a composite number?
True
Is 74750849 a prime number?
False
Is 830371 composite?
True
Is 7446367 a prime number?
True
Is 2323021 a prime number?
True
Is 144187 composite?
True
Is 11140909 a composite number?
True
Is 22831493 a composite number?
True
Is 92060809 composite?
True
Is 1341311 a prime number?
False
Is 96315497 prime?
True
Is 6353561 a prime number?
True
Is 147407441 composite?
True
Is 566828591 a prime number?
False
Is 5155433 a prime number?
True
Is 11577359 prime?
False
Is 115108667 a prime number?
False
Is 10011959 prime?
True
Is 90096703 a prime number?
True
Is 6631387 a composite number?
True
Is 1966663 a composite number?
False
Is 27010147 a prime number?
True
Is 3764923 composite?
False
Is 159287 a prime number?
True
Is 69284861 a prime number?
True
Is 1122227 composite?
False
Is 353080447 a prime number?
False
Is 25757591 prime?
True
Is 1971863 a prime number?
False
Is 67070641 prime?
False
Is 12118829 prime?
True
Is 204462059 prime?
False
Is 3481633 a composite number?
False
Is 30467 prime?
True
Is 8495479 prime?
False
Is 3332671 prime?
False
Is 19154858 a composite number?
True
Is 167658487 a prime number?
True
Is 153873247 prime?
False
Is 17621207 a composite number?
False
Is 2697826 a prime number?
False
Is 13317773 composite?
True
Is 2347967 prime?
False
Is 3356659 prime?
False
Is 5000851 composite?
False
Is 6690917 a composite number?
True
Is 40787567 composite?
True
Is 13935223 a composite number?
True
Is 36722641 composite?
False
Is 98682731 a composite number?
True
Is 38015837 a composite number?
False
Is 10360739 a composite number?
False
Is 1427977 prime?
False
Is 18576089 prime?
False
Is 1630559 a prime number?
False
Is 382037 a composite number?
False
Is 1734346 composite?
True
Is 9663391 prime?
True
Is 4684187 prime?
False
Is 2738471 prime?
False
Is 422743831 a prime number?
False
Is 48733357 a composite number?
False
Is 141064097 prime?
False
Is 34729567 a prime number?
False
Is 422531 prime?
False
Is 492902747 composite?
False
Is 4793885 a composite number?
True
Is 444855517 a composite number?
True
Is 385086082 a prime number?
False
Is 53886479 a prime number?
False
Is 1590311 prime?
True
Is 229678193 composite?
False
Is 23031761 prime?
False
Is 95492123 a composite number?
False
Is 564985 a composite number?
True
Is 1695229 a composite number?
True
Is 1716733 prime?
True
Is 320857417 prime?
True
Is 128227 a composite number?
True
Is 4900099 a composite number?
False
Is 52017059 a composite number?
True
Is 10011959 a prime number?
True
Is 6521363 prime?
True
Is 431587 composite?
True
Is 33704719 prime?
False
Is 10046489 a composite number?
True
Is 189901 a prime number?
True
Is 11709931 composite?
True
Is 510569 a composite number?
False
Is 846227587 composite?
False
Is 230269247 prime?
False
Is 222642766 a prime number?
False
Is 98492993 composite?
False
Is 5476371 composite?
True
Is 1525207 a prime number?
True
Is 4060859 composite?
True
Is 15072191 a prime number?
True
Is 9245563 a prime number?
False
Is 178639 a prime number?
True
Is 122399107 prime?
True
Is 367811287 a prime number?
False
Is 3426029 a prime number?
True
Is 51819923 composite?
False
Is 11982077 prime?
False
Is 770353 a composite number?
False
Is 112679707 a composite number?
True
Is 52325293 composite?
False
Is 560275085 composite?
True
Is 55018121 a composite number?
True
Is 14971861 a prime number?
True
Is 44543129 prime?
True
Is 360329 composite?
True
Is 239214266 a prime number?
False
Is 340392137 a prime number?
True
Is 728696323 a prime number?
False
Is 45343351 a composite number?
False
Is 23761789 composite?
False
Is 11325437 composite?
False
Is 72131429 composite?
True
Is 4489397 prime?
False
Is 114241427 prime?
True
Is 1381769 composite?
False
Is 63541 a prime number?
True
Is 48066229 prime?
False
Is 97258901 composite?
False
Is 393197111 prime?
True
Is 2838247 prime?
True
Is 26099959 a prime number?
False
Is 24220927 a composite number?
False
Is 1000847 prime?
True
Is 6041631 prime?
False
Is 1240959 a composite number?
True
Is 50518451 prime?
True
Is 1050503 composite?
False
Is 4145387 a composite number?
True
Is 44205769 composite?
False
Is 40124767 a composite number?
False
Is 248911421 composite?
True
Is 31047643 a composite number?
True
Is 14636471 prime?
False
Is 32273593 a composite number?
True
Is 708893 composite?
False
Is 27365623 a prime number?
True
Is 156781 a prime number?
True
Is 3332887 a composite number?
True
Is 20525005 composite?
True
Is 47177653 composite?
True
Is 6622103 composite?
True
Is 75097331 a composite number?
False
Is 6214261 a prime number?
False
Is 190791719 composite?
True
Is 4782871 a composite number?
False
Is 3757829 composite?
True
Is 416359607 a prime number?
True
Is 420548851 a composite number?
False
Is 169316077 composite?
True
Is 128393479 a prime number?
False
Is 10319987 a composite number?
True
Is 302980921 composite?
True
Is 21016103 a prime number?
True
Is 120248501 a prime number?
False
Is 9126181 a prime number?
True
Is 16579483 prime?
True
Is 3055859 a composite number?
True
Is 48713 a prime number?
False
Is 6716663 prime?
False
Is 79157359 prime?
False
Is 102609355 a composite number?
True
Is 13069123 a composite number?
False
Is 1073333 prime?
False
Is 816427 a prime number?
True
Is 58048447 prime?
False
Is 4324163 a prime number?
False
Is 23118161 a composite number?
True
Is 9259703 a composite number?
True
Is 34935401 composite?
True
Is 264219001 prime?
False
Is 1424663 a prime number?
False
Is 63012143 prime?
True
Is 232499 composite?
False
Is 18996563 prime?
True
Is 12598906 prime?
False
Is 36802529 a composite number?
False
Is 40785529 composite?
True
Is 1168619 a composite number?
False
Is 132006697 a prime number?
False
Is 75547139 prime?
True
Is 2822189 a prime numb